3) in base 12?
387a
Convert 6230 (base 15) to base 6.
240013
-174043 (base 8) to base 9
-106121
-20226 (base 9) to base 13
-6099
1010202 (base 3) to base 11
695
32612 (base 9) to base 4
11102012
5387 (base 11) to base 8
15711
-10111111001 (base 2) to base 4
-113321
1446 (base 13) to base 4
231303
-10011001110000 (base 2) to base 15
-2db0
Convert 121260 (base 9) to base 13.
27384
What is 201200 (base 3) in base 7?
1356
Convert -1e4 (base 16) to base 8.
-744
Convert -20053 (base 7) to base 16.
-12e8
Convert 172 (base 12) to base 11.
19a
What is 4076 (base 14) in base 11?
8363
Convert 107 (base 13) to base 12.
128
Convert 11100110111 (base 2) to base 8.
3467
Convert 170 (base 8) to base 11.
aa
What is -545 (base 15) in base 16?
-4a6
-123031 (base 4) to base 3
-2101111
Convert 43 (base 11) to base 3.
1202
Convert -2180 (base 11) to base 3.
-10221100
What is 732 (base 11) in base 3?
1012200
What is 20454 (base 8) in base 7?
33521
What is -2504 (base 9) in base 14?
-975
What is 1001202 (base 3) in base 7?
2156
What is -252 (base 7) in base 9?
-160
What is 11001 (base 7) in base 4?
222321
What is 494d (base 14) in base 3?
122120102
What is -1110110100 (base 2) in base 5?
-12243
-100101101101110 (base 2) to base 8
-45556
75c7 (base 13) to base 2
100000000000011
-521 (base 11) to base 16
-274
What is 55c (base 14) in base 5?
13222
-1504 (base 15) to base 5
-121004
Convert 1b2 (base 13) to base 16.
13a
78 (base 12) to base 6
232
What is -301122 (base 5) in base 13?
-4458
What is 510 (base 8) in base 13?
1c3
-1410124 (base 5) to base 12
-147b1
What is -2725 (base 10) in base 15?
-c1a
What is b71 (base 14) in base 12?
137b
-4322 (base 5) to base 11
-494
-184 (base 13) to base 14
-15b
-11332002 (base 4) to base 6
-305110
Convert 93 (base 12) to base 9.
133
-44040 (base 5) to base 7
-11543
Convert -e41 (base 15) to base 8.
-6213
Convert 1601 (base 9) to base 5.
14331
-19518 (base 10) to base 14
-7182
Convert 3113 (base 4) to base 3.
21222
1009 (base 13) to base 3
10000201
Convert -20688 (base 12) to base 15.
-c895
44442 (base 5) to base 7
12050
-53d (base 14) to base 12
-723
What is -35463 (base 9) in base 13?
-aa3a
Convert -97 (base 16) to base 9.
-177
1030 (base 4) to base 9
84
What is -1112 (base 13) in base 15?
-a8b
Convert 1288 (base 12) to base 15.
965
-34a (base 12) to base 15
-22a
Convert 1071 (base 8) to base 5.
4234
What is 3302 (base 5) in base 9?
552
Convert -135 (base 8) to base 2.
-1011101
Convert 87 (base 16) to base 9.
160
Convert 10346 (base 7) to base 16.
a16
What is -23143 (base 5) in base 7?
-4610
-560 (base 14) to base 8
-2050
-277 (base 14) to base 16
-1f1
Convert -5415 (base 8) to base 16.
-b0d
What is -153 (base 8) in base 10?
-107
What is 513 (base 9) in base 8?
641
Convert -82 (base 9) to base 14.
-54
-9bda (base 14) to base 3
-1101002122
What is 456c (base 13) in base 10?
9723
4bdf (base 16) to base 2
100101111011111
Convert 31034 (base 5) to base 13.
bc4
2122 (base 15) to base 3
100121112
Convert -1c (base 15) to base 8.
-33
What is -13b0 (base 15) in base 11?
-3192
Convert -8d8 (base 15) to base 13.
-bb1
121133 (base 4) to base 16
65f
What is -33566 (base 8) in base 6?
-145422
What is -2987 (base 16) in base 6?
-121115
What is 76 (base 15) in base 6?
303
What is 3692 (base 10) in base 16?
e6c
Convert -110111111001 (base 2) to base 11.
-2762
Convert 628 (base 10) to base 6.
2524
Convert 2b21 (base 14) to base 3.
101112012
What is 8f4 (base 16) in base 6?
14340
144 (base 11) to base 5
1134
What is 5b0 (base 15) in base 16?
50a
What is -4743 (base 10) in base 8?
-11207
8beb (base 15) to base 2
111010000000000
What is 135 (base 13) in base 11?
184
What is -11002011 (base 3) in base 11?
-2264
-1779 (base 13) to base 12
-2020
-20230 (base 4) to base 3
-202121
2002 (base 6) to base 16
1b2
20634 (base 10) to base 5
1130014
What is 969 (base 16) in base 2?
100101101001
Convert -13493 (base 13) to base 12.
-18978
Convert -1131 (base 8) to base 6.
-2441
11011 (base 4) to base 16
145
-5a8 (base 11) to base 5
-10343
What is 360 (base 8) in base 13?
156
Convert -7561 (base 9) to base 3.
-21122001
Convert 232 (base 14) to base 3.
121011
Convert 37074 (base 9) to base 13.
b40a
120220102 (base 3) to base 15
367e
Convert -1433 (base 6) to base 16.
-17d
-11023 (base 4) to base 15
-171
Convert -900 (base 12) to base 5.
-20141
2544 (base 8) to base 3
1220010
547 (base 14) to base 13
623
-7459 (base 10) to base 4
-1310203
-3bc (base 13) to base 5
-10122
Convert -6250 (base 7) to base 9.
-3004
What is 31790 (base 11) in base 6?
553520
-1aba (base 15) to base 9
-7854
What is 15330 (base 7) in base 3?
12212200
a86 (base 15) to base 9
3230
22790 (base 10) to base 14
843c
Convert 1120102 (base 3) to base 11.
951
21410 (base 6) to base 10
2958
-57c (base 15) to base 16
-4da
Convert 126214 (base 8) to base 5.
2403142
31121 (base 4) to base 5
11412
-23105 (base 6) to base 13
-1655
Convert 10bf (base 16) to base 13.
1c4a
-44110 (base 5) to base 9
-4136
What is 295 (base 10) in base 11?
249
Convert -7080 (base 9) to base 5.
-131200
Convert 132261 (base 7) to base 9.
37056
11102 (base 3) to base 12
9b
What is -24303 (base 5) in base 6?
-12244
7354 (base 11) to base 8
23013
Convert -1000010000011110 (base 2) to base 4.
-20100132
-61322 (base 8) to base 13
-b690
-6c9 (base 16) to base 2
-11011001001
-8f6 (base 16) to base 9
-3128
What is -221 (base 4) in base 2?
-101001
105204 (base 6) to base 8
21344
Convert 111344 (base 6) to base 8.
22320
What is -1827a (base 12) in base 7?
-203605
-27 (base 8) to base 5
-43
What is -1020110 (base 3) in base 12?
-633
What is -5344 (base 8) in base 7?
-11062
-622 (base 8) to base 4
-12102
Convert -11102 (base 6) to base 4.
-120032
What is -121 (base 13) in base 2?
-11000100
-362 (base 8) to base 3
-22222
What is 100110110110 (base 2) in base 3?
10102002
Convert a3b5 (base 13) to base 2.
101100001100001
106 (base 13) to base 9
214
-41290 (base 12) to base 13
-2c949
What is -2330122 (base 4) in base 12?
-6b8a
Convert 355 (base 11) to base 13.
267
Convert 32033 (base 8) to base 11.
a027
Convert -1727 (base 11) to base 9.
-3022
Convert 21111 (base 3) to base 9.
244
Convert 719 (base 14) to base 8.
2563
Convert 407b (base 13) to base 16.
22ba
What is 21011 (base 4) in base 15?
28b
What is -2022422 (base 5) in base 10?
-32862
Convert 6628 (base 12) to base 6.
124052
What is -111000100000101 (base 2) in base 9?
-43617
What is -100110101111 (base 2) in base 10?
-2479
Convert -8a0 (base 13) to base 15.
-68c
20022101 (base 3) to base 4
1013320
What is 373 (base 8) in base 3?
100022
What is -121101021 (base 3) in base 15?
-3811
Convert 1222 (base 5) to base 14.
d5
What is -709 (base 14) in base 12?
-971
What is 1118 (base 9) in base 16?
33b
Convert -88b8 (base 12) to base 5.
-440431
Convert -25004 (base 8) to base 5.
-321011
What is 585 (base 9) in base 8?
742
-1746 (base 9) to base 15
-5e3
31312 (base 11) to base 12
224a6
Convert -100121201 (base 3) to base 5.
-211022
What is -120001 (base 3) in base 2?
-110010110
c47 (base 13) to base 6
13355
Convert -77242 (base 8) to base 6.
-410030
What is -101100101011 (base 2) in base 10?
-2859
Convert 12310103 (base 4) to base 14.
a267
Convert 20023120 (base 4) to base 7.
166441
Convert -30642 (base 7) to base 15.
-236c
11323 (base 4) to base 12
277
Convert -1101010 (base 2) to base 15.
-71
What is 2150 (base 9) in base 11?
1210
1748 (base 12) to base 14
1036
-23104 (base 7) to base 10
-5884
What is -54487 (base 11) in base 6?
-1410124
What is -35433 (base 6) in base 11?
-3947
-1308 (base 9) to base 3
-1100022
What is 1de7 (base 15) in base 13?
2c74
-13324 (base 7) to base 13
-1837
Convert -310023 (base 4) to base 14.
-1307
23321 (base 5) to base 2
11010101111
1347 (base 11) to base 13
a43
12020011 (base 3) to base 6
25351
What is -1447 (base 8) in base 13?
-4a1
55534 (base 10) to base 8
154356
What is 1022111000 (base 3) in base 10?
25866
2223304 (base 5) to base 13
14ac9
What is 2025 (base 7) in base 9?
863
-12 (base 10) to base 6
-20
7ab (base 12) to base 6
5135
What is 111110011 (base 2) in base 5?
3444
Convert 11111223 (base 4) to base 14.
7d7d
-a580 (base 12) to base 3
-220211020
1126 (base 8) to base 4
21112
230355 (base 6) to base 9
28768
Convert -2963 (base 12) to base 13.
-2274
1 (b